7, 19
What are the prime factors of 813?
3, 271
List the prime factors of 70408.
2, 13, 677
What are the prime factors of 910?
2, 5, 7, 13
What are the prime factors of 529?
23
List the prime factors of 1455.
3, 5, 97
List the prime factors of 1731.
3, 577
What are the prime factors of 473?
11, 43
List the prime factors of 3264.
2, 3, 17
List the prime factors of 4791.
3, 1597
List the prime factors of 1039.
1039
List the prime factors of 10295.
5, 29, 71
List the prime factors of 15060.
2, 3, 5, 251
What are the prime factors of 9729?
3, 23, 47
What are the prime factors of 13571?
41, 331
What are the prime factors of 80131?
227, 353
List the prime factors of 166070.
2, 5, 16607
What are the prime factors of 21086?
2, 13, 811
List the prime factors of 350.
2, 5, 7
List the prime factors of 48298.
2, 19, 31, 41
List the prime factors of 3568.
2, 223
What are the prime factors of 15647?
15647
What are the prime factors of 2098?
2, 1049
List the prime factors of 7526.
2, 53, 71
What are the prime factors of 6000?
2, 3, 5
What are the prime factors of 1457?
31, 47
List the prime factors of 61970.
2, 5, 6197
What are the prime factors of 25761?
3, 31, 277
What are the prime factors of 23521?
43, 547
List the prime factors of 347.
347
List the prime factors of 1106.
2, 7, 79
What are the prime factors of 11546?
2, 23, 251
List the prime factors of 68900.
2, 5, 13, 53
List the prime factors of 18820.
2, 5, 941
List the prime factors of 132534.
2, 3, 37, 199
What are the prime factors of 10058?
2, 47, 107
List the prime factors of 20822.
2, 29, 359
List the prime factors of 59231.
61, 971
What are the prime factors of 22820?
2, 5, 7, 163
What are the prime factors of 2372?
2, 593
What are the prime factors of 85590?
2, 3, 5, 317
List the prime factors of 395.
5, 79
List the prime factors of 546.
2, 3, 7, 13
What are the prime factors of 48935?
5, 9787
List the prime factors of 48188.
2, 7, 1721
What are the prime factors of 14430?
2, 3, 5, 13, 37
List the prime factors of 29034.
2, 3, 1613
What are the prime factors of 10107?
3, 1123
List the prime factors of 1085.
5, 7, 31
What are the prime factors of 3735?
3, 5, 83
List the prime factors of 29121.
3, 17, 571
List the prime factors of 27605.
5, 5521
List the prime factors of 704.
2, 11
List the prime factors of 3592.
2, 449
List the prime factors of 4421.
4421
List the prime factors of 35379.
3, 3931
What are the prime factors of 44?
2, 11
List the prime factors of 1453.
1453
List the prime factors of 2745.
3, 5, 61
List the prime factors of 10598.
2, 7, 757
List the prime factors of 5634.
2, 3, 313
What are the prime factors of 86815?
5, 97, 179
What are the prime factors of 1507?
11, 137
What are the prime factors of 30622?
2, 61, 251
What are the prime factors of 1896?
2, 3, 79
What are the prime factors of 1400?
2, 5, 7
What are the prime factors of 2223?
3, 13, 19
List the prime factors of 12174.
2, 3, 2029
List the prime factors of 13271.
23, 577
List the prime factors of 96050.
2, 5, 17, 113
What are the prime factors of 5750?
2, 5, 23
List the prime factors of 662.
2, 331
List the prime factors of 1675.
5, 67
What are the prime factors of 21110?
2, 5, 2111
What are the prime factors of 1149?
3, 383
List the prime factors of 1862.
2, 7, 19
What are the prime factors of 15969?
3, 5323
What are the prime factors of 81499?
11, 31, 239
What are the prime factors of 472?
2, 59
What are the prime factors of 11418?
2, 3, 11, 173
List the prime factors of 169198.
2, 31, 2729
List the prime factors of 32965.
5, 19, 347
What are the prime factors of 1297?
1297
What are the prime factors of 1053?
3, 13
List the prime factors of 125.
5
What are the prime factors of 772?
2, 193
List the prime factors of 9076.
2, 2269
List the prime factors of 2105.
5, 421
List the prime factors of 2431.
11, 13, 17
What are the prime factors of 3976?
2, 7, 71
What are the prime factors of 123184?
2, 7699
List the prime factors of 78784.
2, 1231
What are the prime factors of 5110?
2, 5, 7, 73
List the prime factors of 21133.
7, 3019
What are the prime factors of 113605?
5, 22721
What are the prime factors of 2270?
2, 5, 227
List the prime factors of 64228.
2, 16057
What are the prime factors of 3245?
5, 11, 59
What are the prime factors of 2762?
2, 1381
List the prime factors of 1939.
7, 277
List the prime factors of 10188.
2, 3, 283
List the prime factors of 9532.
2, 2383
List the prime factors of 44655.
3, 5, 13, 229
What are the prime factors of 37335?
3, 5, 19, 131
What are the prime factors of 1654?
2, 827
What are the prime factors of 1260?
2, 3, 5, 7
What are the prime factors of 19646?
2, 11, 19, 47
List the prime factors of 28262.
2, 13, 1087
List the prime factors of 104620.
2, 5, 5231
List the prime factors of 13915.
5, 11, 23
List the prime factors of 22414.
2, 7, 1601
What are the prime factors of 49186?
2, 24593
What are the prime factors of 3755?
5, 751
What are the prime factors of 13975?
5, 13, 43
What are the prime factors of 67442?
2, 33721
What are the prime factors of 1033?
1033
What are the prime factors of 667?
23, 29
List the prime factors of 30687.
3, 53, 193
List the prime factors of 85.
5, 17
What are the prime factors of 730?
2, 5, 73
What are the prime factors of 1687?
7, 241
What are the prime factors of 7797?
3, 23, 113
What are the prime factors of 557?
557
What are the prime factors of 48104?
2, 7, 859
What are the prime factors of 661?
661
List the prime factors of 40365.
3, 5, 13, 23
List the prime factors of 7138.
2, 43, 83
What are the prime factors of 1504?
2, 47
What are the prime factors of 1825?
5, 73
List the prime factors of 79586.
2, 13, 3061
List the prime factors of 1148.
2, 7, 41
List the prime factors of 121527.
3, 7, 643
List the prime factors of 3731.
7, 13, 41
List the prime factors of 733.
733
What are the prime factors of 3300?
2, 3, 5, 11
List the prime factors of 35312.
2, 2207
List the prime factors of 6195.
3, 5, 7, 59
List the prime factors of 51666.
2, 3, 79, 109
What are the prime factors of 154?
2, 7, 11
What are the prime factors of 779?
19, 41
What are the prime factors of 3319?
3319
What are the prime factors of 3346?
2, 7, 239
List the prime factors of 83.
83
What are the prime factors of 1513?
17, 89
What are the prime factors of 14186?
2, 41, 173
What are the prime factors of 8481?
3, 11, 257
List the prime factors of 1017.
3, 113
List the prime factors of 296.
2, 37
List the prime factors of 17665.
5, 3533
What are the prime factors of 1284?
2, 3, 107
List the prime factors of 37715.
5, 19, 397
List the prime factors of 911.
911
List the prime factors of 56792.
2, 31, 229
What are the prime factors of 2118?
2, 3, 353
What are the prime factors of 29390?
2, 5, 2939
What are the prime factors of 69942?
2, 3, 11657
What are the prime factors of 801?
3, 89
List the prime factors of 11834.
2, 61, 97
List the prime factors of 4151.
7, 593
List the prime factors of 33455.
5, 6691
What are the prime factors of 3702?
2, 3, 617
List the prime factors of 641.
641
List the prime factors of 29215.
5, 5843
List the prime factors of 218.
2, 109
List the prime factors of 617.
617
List the prime factors of 3829.
7, 547
List the prime factors of 3934.
2, 7, 281
List the prime factors of 1201.
1201
What are the prime factors of 638?
2, 11, 29
What are the prime factors of 42?
2, 3, 7
List the prime factors of 73615.
5, 14723
What are the prime factors of 69786?
2, 3, 3877
List the prime factors of 27894.
2, 3, 4649
List the prime factors of 3442.
2, 1721
List the prime factors of 4530.
2, 3, 5, 151
List the prime factors of 4278.
2, 3, 23, 31
List the prime factors of 26764.
2, 6691
List the prime factors of 187304.
2, 13, 1801
List the prime factors of 56466.
2, 3, 3137
What are the prime factors of 45269?
7, 29, 223
List the prime factors of 2943.
3, 109
What are the prime factors of 32488?
2, 31, 131
List the prime factors of 2416.
2, 151
List the prime factors of 3463.
3463
List the prime factors of 60204.
2, 3, 29, 173
List the prime factors of 101420.
2, 5, 11, 461
List the prime factors of 51785.
5, 10357
What are the prime factors of 1656?
2, 3, 23
List the prime factors of 1579.
1579
What are the prime factors of 63293?
167, 379
What are the prime factors of 13